{"id":765,"date":"2014-03-20T12:13:12","date_gmt":"2014-03-20T12:13:12","guid":{"rendered":"https:\/\/aesthe.ch\/?page_id=765"},"modified":"2019-03-05T04:45:11","modified_gmt":"2019-03-05T02:45:11","slug":"faq","status":"publish","type":"page","link":"https:\/\/aesthe.ch\/de\/faq\/","title":{"rendered":"FAQ"},"content":{"rendered":"<p><strong>Ist die Behandlung schmerzhaft?<\/strong><\/p>\n<ul>\n<li>Die Behandlung ist weitgehend schmerzlos. Man sp\u00fcrt nicht mehr als ein leichtes Ziehen oder Kribbeln und man kann sich nach Abgabe der ersten Impulsen gut darauf einstellen.<br \/>\nDas Schmerzempfinden ist je nach Typ unterschiedlich ausgepr\u00e4gt, abh\u00e4ngig davon, welche K\u00f6rperstelle behandelt wird (z.B. ist die Bikinizone typischerweise empfindlicher als die Beine), abh\u00e4ngig von der Haardichte und auch abh\u00e4ngig von der eingestellten Energiedichte des abgegebenen Impulses.<\/li>\n<\/ul>\n<ul>\n<li>F\u00fcr sensible Zonen k\u00f6nnen wir vor der Behandlung eine bet\u00e4ubende Creme auftragen.<\/li>\n<\/ul>\n<p><strong>Was ist vor der Behandlung zu beachten?<\/strong><\/p>\n<ul>\n<li>Rasieren Sie den entsprechenden Bereich\u00a02-3 Tage vor der Behandlung.<\/li>\n<li>Mindestens 1 Woche nach  der Behandlung sollten Sie auf Sonnenb\u00e4der und Solarium verzichten und keine Botox Behandlungen machen.<\/li>\n<\/ul>\n<p><strong>Haben Sie die Zeit?<\/strong><\/p>\n<ul>\n<li>Wir verstehen, dass das Leben stressig sein kann. Wir offerieren Ihnen einzigartige \u00d6ffnungszeiten \u2013 von fr\u00fchmorgens bis sp\u00e4t am Abend, von Montag bis Freitag und bei Bedarf auch samstags! Wir arbeiten mit der modernsten Technologie, welche v\u00f6llig schnell und schmerzfrei ist! Je nach Behandlung dauert es 10 bis 45 Minuten pro Behandlung. \u00dcberlegen Sie wie viel Zeit Sie sparen k\u00f6nnen, wenn Sie sich nicht mehr st\u00e4ndig rasieren oder waxen m\u00fcssen.<\/li>\n<\/ul>\n<p><strong>Wie dauerhaft ist die Behandlung?<\/strong><\/p>\n<p>Vielen Studien belegen, dass die Reduktion von Haarwuchs mit der IPL \/ SHR Methode bei \u00fcber 98% liegt. Je nach Haut-und Haartyp kann eine Nachbehandlung nach 3-5 Jahren erforderlich sein.<\/p>\n<p><a href=\"https:\/\/aesthe.ch\/wp-content\/uploads\/2014\/03\/laser-hair-removal-banner11.jpg\"><img decoding=\"async\" loading=\"lazy\" width=\"962\" height=\"417\" class=\"alignnone size-medium wp-image-774\" src=\"https:\/\/aesthe.ch\/wp-content\/uploads\/2014\/03\/laser-hair-removal-banner11.jpg\" alt=\"laser-hair-removal-banner1\" srcset=\"https:\/\/aesthe.ch\/wp-content\/uploads\/2014\/03\/laser-hair-removal-banner11.jpg 962w, https:\/\/aesthe.ch\/wp-content\/uploads\/2014\/03\/laser-hair-removal-banner11-300x130.jpg 300w, https:\/\/aesthe.ch\/wp-content\/uploads\/2014\/03\/laser-hair-removal-banner11-600x260.jpg 600w, https:\/\/aesthe.ch\/wp-content\/uploads\/2014\/03\/laser-hair-removal-banner11-264x114.jpg 264w, https:\/\/aesthe.ch\/wp-content\/uploads\/2014\/03\/laser-hair-removal-banner11-120x52.jpg 120w\" sizes=\"(max-width: 962px) 100vw, 962px\" \/><\/a><\/p>","protected":false},"excerpt":{"rendered":"<p>Ist die Behandlung schmerzhaft? Die Behandlung ist weitgehend schmerzlos. Man sp\u00fcrt nicht mehr als ein leichtes Ziehen oder Kribbeln und man kann sich nach Abgabe&#8230;<\/p>\n","protected":false},"author":2,"featured_media":0,"parent":0,"menu_order":0,"comment_status":"open","ping_status":"open","template":"","meta":{"_mi_skip_tracking":false},"yoast_head":"<!-- This site is optimized with the Yoast SEO plugin v19.10 - https:\/\/yoast.com\/wordpress\/plugins\/seo\/ -->\n<title>FAQ for Permanent Hair Removal | Aesthe<\/title>\n<meta name=\"description\" content=\"FAQs for our Permanent Hair Removal treatment.\" \/>\n<meta name=\"robots\" content=\"index, follow, max-snippet:-1, max-image-preview:large, max-video-preview:-1\" \/>\n<link rel=\"canonical\" href=\"https:\/\/aesthe.ch\/de\/faq\/\" \/>\n<meta property=\"og:locale\" content=\"de_DE\" \/>\n<meta property=\"og:type\" content=\"article\" \/>\n<meta property=\"og:title\" content=\"FAQ for Permanent Hair Removal | Aesthe\" \/>\n<meta property=\"og:description\" content=\"FAQs for our Permanent Hair Removal treatment.\" \/>\n<meta property=\"og:url\" content=\"https:\/\/aesthe.ch\/de\/faq\/\" \/>\n<meta property=\"og:site_name\" content=\"Aesthe\" \/>\n<meta property=\"article:publisher\" content=\"https:\/\/www.facebook.com\/pages\/Aesthech\/233269250128188?ref=ts&amp;amp%3bamp%3bamp%3bfref=ts\" \/>\n<meta property=\"article:modified_time\" content=\"2019-03-05T02:45:11+00:00\" \/>\n<meta property=\"og:image\" content=\"https:\/\/aesthe.ch\/wp-content\/uploads\/2014\/03\/laser-hair-removal-banner11.jpg\" \/>\n<meta name=\"twitter:label1\" content=\"Gesch\u00e4tzte Lesezeit\" \/>\n\t<meta name=\"twitter:data1\" content=\"2\u00a0Minuten\" \/>\n<script type=\"application\/ld+json\" class=\"yoast-schema-graph\">{\"@context\":\"https:\/\/schema.org\",\"@graph\":[{\"@type\":\"WebPage\",\"@id\":\"https:\/\/aesthe.ch\/de\/faq\/\",\"url\":\"https:\/\/aesthe.ch\/de\/faq\/\",\"name\":\"FAQ for Permanent Hair Removal | Aesthe\",\"isPartOf\":{\"@id\":\"https:\/\/aesthe.ch\/de\/#website\"},\"datePublished\":\"2014-03-20T12:13:12+00:00\",\"dateModified\":\"2019-03-05T02:45:11+00:00\",\"description\":\"FAQs for our Permanent Hair Removal treatment.\",\"breadcrumb\":{\"@id\":\"https:\/\/aesthe.ch\/de\/faq\/#breadcrumb\"},\"inLanguage\":\"de\",\"potentialAction\":[{\"@type\":\"ReadAction\",\"target\":[\"https:\/\/aesthe.ch\/de\/faq\/\"]}]},{\"@type\":\"BreadcrumbList\",\"@id\":\"https:\/\/aesthe.ch\/de\/faq\/#breadcrumb\",\"itemListElement\":[{\"@type\":\"ListItem\",\"position\":1,\"name\":\"Startseite\",\"item\":\"https:\/\/aesthe.ch\/de\/\"},{\"@type\":\"ListItem\",\"position\":2,\"name\":\"FAQ\"}]},{\"@type\":\"WebSite\",\"@id\":\"https:\/\/aesthe.ch\/de\/#website\",\"url\":\"https:\/\/aesthe.ch\/de\/\",\"name\":\"Aesthe\",\"description\":\"\",\"potentialAction\":[{\"@type\":\"SearchAction\",\"target\":{\"@type\":\"EntryPoint\",\"urlTemplate\":\"https:\/\/aesthe.ch\/de\/?s={search_term_string}\"},\"query-input\":\"required name=search_term_string\"}],\"inLanguage\":\"de\"}]}<\/script>\n<!-- \/ Yoast SEO plugin. -->","yoast_head_json":{"title":"FAQ for Permanent Hair Removal | Aesthe","description":"FAQs for our Permanent Hair Removal treatment.","robots":{"index":"index","follow":"follow","max-snippet":"max-snippet:-1","max-image-preview":"max-image-preview:large","max-video-preview":"max-video-preview:-1"},"canonical":"https:\/\/aesthe.ch\/de\/faq\/","og_locale":"de_DE","og_type":"article","og_title":"FAQ for Permanent Hair Removal | Aesthe","og_description":"FAQs for our Permanent Hair Removal treatment.","og_url":"https:\/\/aesthe.ch\/de\/faq\/","og_site_name":"Aesthe","article_publisher":"https:\/\/www.facebook.com\/pages\/Aesthech\/233269250128188?ref=ts&amp%3bamp%3bamp%3bfref=ts","article_modified_time":"2019-03-05T02:45:11+00:00","og_image":[{"url":"https:\/\/aesthe.ch\/wp-content\/uploads\/2014\/03\/laser-hair-removal-banner11.jpg"}],"twitter_misc":{"Gesch\u00e4tzte Lesezeit":"2\u00a0Minuten"},"schema":{"@context":"https:\/\/schema.org","@graph":[{"@type":"WebPage","@id":"https:\/\/aesthe.ch\/de\/faq\/","url":"https:\/\/aesthe.ch\/de\/faq\/","name":"FAQ for Permanent Hair Removal | Aesthe","isPartOf":{"@id":"https:\/\/aesthe.ch\/de\/#website"},"datePublished":"2014-03-20T12:13:12+00:00","dateModified":"2019-03-05T02:45:11+00:00","description":"FAQs for our Permanent Hair Removal treatment.","breadcrumb":{"@id":"https:\/\/aesthe.ch\/de\/faq\/#breadcrumb"},"inLanguage":"de","potentialAction":[{"@type":"ReadAction","target":["https:\/\/aesthe.ch\/de\/faq\/"]}]},{"@type":"BreadcrumbList","@id":"https:\/\/aesthe.ch\/de\/faq\/#breadcrumb","itemListElement":[{"@type":"ListItem","position":1,"name":"Startseite","item":"https:\/\/aesthe.ch\/de\/"},{"@type":"ListItem","position":2,"name":"FAQ"}]},{"@type":"WebSite","@id":"https:\/\/aesthe.ch\/de\/#website","url":"https:\/\/aesthe.ch\/de\/","name":"Aesthe","description":"","potentialAction":[{"@type":"SearchAction","target":{"@type":"EntryPoint","urlTemplate":"https:\/\/aesthe.ch\/de\/?s={search_term_string}"},"query-input":"required name=search_term_string"}],"inLanguage":"de"}]}},"_links":{"self":[{"href":"https:\/\/aesthe.ch\/de\/wp-json\/wp\/v2\/pages\/765"}],"collection":[{"href":"https:\/\/aesthe.ch\/de\/wp-json\/wp\/v2\/pages"}],"about":[{"href":"https:\/\/aesthe.ch\/de\/wp-json\/wp\/v2\/types\/page"}],"author":[{"embeddable":true,"href":"https:\/\/aesthe.ch\/de\/wp-json\/wp\/v2\/users\/2"}],"replies":[{"embeddable":true,"href":"https:\/\/aesthe.ch\/de\/wp-json\/wp\/v2\/comments?post=765"}],"version-history":[{"count":25,"href":"https:\/\/aesthe.ch\/de\/wp-json\/wp\/v2\/pages\/765\/revisions"}],"predecessor-version":[{"id":3381,"href":"https:\/\/aesthe.ch\/de\/wp-json\/wp\/v2\/pages\/765\/revisions\/3381"}],"wp:attachment":[{"href":"https:\/\/aesthe.ch\/de\/wp-json\/wp\/v2\/media?parent=765"}],"curies":[{"name":"wp","href":"https:\/\/api.w.org\/{rel}","templated":true}]}}

<p><strong>Ist die Behandlung schmerzhaft?</strong></p>
<ul>
<li>Die Behandlung ist weitgehend schmerzlos. Man spürt nicht mehr als ein leichtes Ziehen oder Kribbeln und man kann sich nach Abgabe der ersten Impulsen gut darauf einstellen.<br />
Das Schmerzempfinden ist je nach Typ unterschiedlich ausgeprägt, abhängig davon, welche Körperstelle behandelt wird (z.B. ist die Bikinizone typischerweise empfindlicher als die Beine), abhängig von der Haardichte und auch abhängig von der eingestellten Energiedichte des abgegebenen Impulses.</li>
</ul>
<ul>
<li>Für sensible Zonen können wir vor der Behandlung eine betäubende Creme auftragen.</li>
</ul>
<p><strong>Was ist vor der Behandlung zu beachten?</strong></p>
<ul>
<li>Rasieren Sie den entsprechenden Bereich 2-3 Tage vor der Behandlung.</li>
<li>Mindestens 1 Woche nach  der Behandlung sollten Sie auf Sonnenbäder und Solarium verzichten und keine Botox Behandlungen machen.</li>
</ul>
<p><strong>Haben Sie die Zeit?</strong></p>
<ul>
<li>Wir verstehen, dass das Leben stressig sein kann. Wir offerieren Ihnen einzigartige Öffnungszeiten – von frühmorgens bis spät am Abend, von Montag bis Freitag und bei Bedarf auch samstags! Wir arbeiten mit der modernsten Technologie, welche völlig schnell und schmerzfrei ist! Je nach Behandlung dauert es 10 bis 45 Minuten pro Behandlung. Überlegen Sie wie viel Zeit Sie sparen können, wenn Sie sich nicht mehr ständig rasieren oder waxen müssen.</li>
</ul>
<p><strong>Wie dauerhaft ist die Behandlung?</strong></p>
<p>Vielen Studien belegen, dass die Reduktion von Haarwuchs mit der IPL / SHR Methode bei über 98% liegt. Je nach Haut-und Haartyp kann eine Nachbehandlung nach 3-5 Jahren erforderlich sein.</p>
<p><a href="https://aesthe.ch/wp-content/uploads/2014/03/laser-hair-removal-banner11.jpg"><img decoding="async" loading="lazy" width="962" height="417" class="alignnone size-medium wp-image-774" src="https://aesthe.ch/wp-content/uploads/2014/03/laser-hair-removal-banner11.jpg" alt="laser-hair-removal-banner1" srcset="https://aesthe.ch/wp-content/uploads/2014/03/laser-hair-removal-banner11.jpg 962w, https://aesthe.ch/wp-content/uploads/2014/03/laser-hair-removal-banner11-300x130.jpg 300w, https://aesthe.ch/wp-content/uploads/2014/03/laser-hair-removal-banner11-600x260.jpg 600w, https://aesthe.ch/wp-content/uploads/2014/03/laser-hair-removal-banner11-264x114.jpg 264w, https://aesthe.ch/wp-content/uploads/2014/03/laser-hair-removal-banner11-120x52.jpg 120w" sizes="(max-width: 962px) 100vw, 962px" /></a></p>

<p>Ist die Behandlung schmerzhaft? Die Behandlung ist weitgehend schmerzlos. Man spürt nicht mehr als ein leichtes Ziehen oder Kribbeln und man kann sich nach Abgabe&#8230;</p>

<!-- This site is optimized with the Yoast SEO plugin v19.10 - https://yoast.com/wordpress/plugins/seo/ -->
<title>FAQ for Permanent Hair Removal | Aesthe</title>
<meta name="description" content="FAQs for our Permanent Hair Removal treatment." />
<meta name="robots" content="index, follow, max-snippet:-1, max-image-preview:large, max-video-preview:-1" />
<link rel="canonical" href="https://aesthe.ch/de/faq/" />
<meta property="og:locale" content="de_DE" />
<meta property="og:type" content="article" />
<meta property="og:title" content="FAQ for Permanent Hair Removal | Aesthe" />
<meta property="og:description" content="FAQs for our Permanent Hair Removal treatment." />
<meta property="og:url" content="https://aesthe.ch/de/faq/" />
<meta property="og:site_name" content="Aesthe" />
<meta property="article:publisher" content="https://www.facebook.com/pages/Aesthech/233269250128188?ref=ts&amp;amp%3bamp%3bamp%3bfref=ts" />
<meta property="article:modified_time" content="2019-03-05T02:45:11+00:00" />
<meta property="og:image" content="https://aesthe.ch/wp-content/uploads/2014/03/laser-hair-removal-banner11.jpg" />
<meta name="twitter:label1" content="Geschätzte Lesezeit" />
	<meta name="twitter:data1" content="2 Minuten" />
<script type="application/ld+json" class="yoast-schema-graph">{"@context":"https://schema.org","@graph":[{"@type":"WebPage","@id":"https://aesthe.ch/de/faq/","url":"https://aesthe.ch/de/faq/","name":"FAQ for Permanent Hair Removal | Aesthe","isPartOf":{"@id":"https://aesthe.ch/de/#website"},"datePublished":"2014-03-20T12:13:12+00:00","dateModified":"2019-03-05T02:45:11+00:00","description":"FAQs for our Permanent Hair Removal treatment.","breadcrumb":{"@id":"https://aesthe.ch/de/faq/#breadcrumb"},"inLanguage":"de","potentialAction":[{"@type":"ReadAction","target":["https://aesthe.ch/de/faq/"]}]},{"@type":"BreadcrumbList","@id":"https://aesthe.ch/de/faq/#breadcrumb","itemListElement":[{"@type":"ListItem","position":1,"name":"Startseite","item":"https://aesthe.ch/de/"},{"@type":"ListItem","position":2,"name":"FAQ"}]},{"@type":"WebSite","@id":"https://aesthe.ch/de/#website","url":"https://aesthe.ch/de/","name":"Aesthe","description":"","potentialAction":[{"@type":"SearchAction","target":{"@type":"EntryPoint","urlTemplate":"https://aesthe.ch/de/?s={search_term_string}"},"query-input":"required name=search_term_string"}],"inLanguage":"de"}]}</script>
<!-- / Yoast SEO plugin. -->
